
17, 4007, 9851
List the prime factors of 87643233.
3, 179, 54403
List the prime factors of 460021488.
2, 3, 9583781
List the prime factors of 6273709.
13, 482593
List the prime factors of 51897369.
3, 17299123
List the prime factors of 498689139.
3, 13, 12786901
List the prime factors of 452073159.
3, 73, 688087
List the prime factors of 10473398.
2, 13, 402823
List the prime factors of 201483268.
2, 7, 1301, 5531
List the prime factors of 2370446937.
3, 29264777
List the prime factors of 837247001.
73, 11469137
What are the prime factors of 246545427?
3, 82181809
List the prime factors of 966190046.
2, 197, 2452259
List the prime factors of 53109611.
53109611
What are the prime factors of 1158130070?
2, 5, 115813007
List the prime factors of 74425246.
2, 7, 61, 87149
What are the prime factors of 4693693578?
2, 3, 7, 661, 169069
What are the prime factors of 338303406?
2, 3, 7, 859, 9377
What are the prime factors of 55784008?
2, 7, 996143
What are the prime factors of 1660176125?
5, 37, 433, 829
List the prime factors of 3880575275.
5, 155223011
What are the prime factors of 4106249872?
2, 10771, 23827
List the prime factors of 117894913.
37, 3186349
List the prime factors of 432063355.
5, 43, 101, 197
What are the prime factors of 667260360?
2, 3, 5, 13, 23, 6199
What are the prime factors of 525292212?
2, 3, 587, 74573
What are the prime factors of 3475608316?
2, 17, 1667, 30661
List the prime factors of 52900186.
2, 3911, 6763
List the prime factors of 76805019.
3, 8533891
What are the prime factors of 354343?
11, 32213
What are the prime factors of 572887255?
5, 114577451
What are the prime factors of 354295923?
3, 118098641
List the prime factors of 105787638.
2, 3, 11, 48571
What are the prime factors of 435415090?
2, 5, 11, 1319, 3001
What are the prime factors of 24273490?
2, 5, 2427349
What are the prime factors of 134088893?
1249, 107357
List the prime factors of 83188129.
4513, 18433
List the prime factors of 54810145.
5, 13, 29, 29077
What are the prime factors of 2425980915?
3, 5, 17970229
What are the prime factors of 142319969?
11, 12938179
What are the prime factors of 23202769?
331, 70099
What are the prime factors of 329681098?
2, 89, 439, 4219
What are the prime factors of 8365047?
3, 2788349
What are the prime factors of 88906409?
41, 52889
List the prime factors of 16152253.
13, 59, 21059
What are the prime factors of 1317640947?
3, 7, 17, 3690871
What are the prime factors of 5296342?
2, 647, 4093
What are the prime factors of 1462518733?
13, 23, 103, 281
List the prime factors of 293640619.
199, 463, 3187
What are the prime factors of 817410935?
5, 11, 827, 17971
What are the prime factors of 142431715?
5, 101, 131, 2153
List the prime factors of 235149501.
3, 337, 232591
What are the prime factors of 93259848?
2, 3, 11, 23, 15359
List the prime factors of 3526810.
2, 5, 7, 50383
List the prime factors of 226307787.
3, 23, 142601
What are the prime factors of 1476062715?
3, 5, 4339, 22679
List the prime factors of 32462008.
2, 179, 22669
What are the prime factors of 11960783?
11960783
List the prime factors of 329094287.
329094287
What are the prime factors of 72916887?
3, 24305629
What are the prime factors of 337851224?
2, 42231403
What are the prime factors of 145082410?
2, 5, 11, 1318931
List the prime factors of 483919497.
3, 53768833
What are the prime factors of 3800789?
53, 71713
What are the prime factors of 7082427?
3, 11, 157, 1367
What are the prime factors of 735604250?
2, 5, 1607, 1831
What are the prime factors of 95096522?
2, 53, 897137
List the prime factors of 737375603.
17033, 43291
What are the prime factors of 255574725?
3, 5, 7, 37, 59, 223
What are the prime factors of 38781222?
2, 3, 6463537
List the prime factors of 97442097.
3, 331, 98129
List the prime factors of 1597562.
2, 798781
What are the prime factors of 58081907?
13, 4467839
What are the prime factors of 1746548589?
3, 317, 1836539
What are the prime factors of 209384828?
2, 52346207
What are the prime factors of 660678097?
660678097
What are the prime factors of 396350884?
2, 99087721
List the prime factors of 46417153.
47, 987599
What are the prime factors of 783619963?
7, 2917, 38377
List the prime factors of 103611526.
2, 971, 53353
What are the prime factors of 717208625?
5, 7, 131, 6257
What are the prime factors of 151163290?
2, 5, 73, 207073
What are the prime factors of 40636247?
43, 47, 20107
What are the prime factors of 1357516817?
349, 3889733
What are the prime factors of 104047467?
3, 563, 61603
List the prime factors of 664151943.
3, 7, 13, 2432791
List the prime factors of 11020278.
2, 3, 47, 39079
List the prime factors of 14839029.
3, 1648781
List the prime factors of 87867865.
5, 107, 164239
What are the prime factors of 1138503?
3, 379501
What are the prime factors of 13634287?
937, 14551
List the prime factors of 58079732.
2, 19, 53, 14419
List the prime factors of 72238706.
2, 79, 239, 1913
What are the prime factors of 68786693?
68786693
List the prime factors of 286476640.
2, 5, 1790479
What are the prime factors of 242587982?
2, 7, 13, 557, 2393
List the prime factors of 446574159.
3, 1801, 27551
List the prime factors of 2219852774.
2, 23, 31, 89, 17491
List the prime factors of 279098954.
2, 53, 83, 31723
List the prime factors of 1323530184.
2, 3, 41, 1345051
What are the prime factors of 1727669726?
2, 41, 53, 331, 1201
List the prime factors of 3690282810.
2, 3, 5, 113, 1088579
What are the prime factors of 478824309?
3, 2909, 18289
What are the prime factors of 4360549610?
2, 5, 67, 6508283
What are the prime factors of 438130612?
2, 43, 2547271
What are the prime factors of 79449147?
3, 2942561
List the prime factors of 4314395.
5, 862879
List the prime factors of 1154164158.
2, 3, 7, 19, 109, 4423
What are the prime factors of 2747442031?
2747442031
List the prime factors of 65483219.
349, 187631
What are the prime factors of 392569150?
2, 5, 7851383
What are the prime factors of 102885782?
2, 283, 181777
List the prime factors of 295056242.
2, 13, 109, 104113
List the prime factors of 431620335.
3, 5, 83, 115561
List the prime factors of 1123183206.
2, 3, 20799689
What are the prime factors of 1936253378?
2, 8069, 119981
List the prime factors of 109098544.
2, 1601, 4259
List the prime factors of 641620437.
3, 6311, 33889
List the prime factors of 365762685.
3, 5, 24384179
List the prime factors of 892280065.
5, 178456013
List the prime factors of 689136984.
2, 3, 1063483
What are the prime factors of 110867491?
7, 15838213
List the prime factors of 2510708815.
5, 37, 257, 52807
What are the prime factors of 202226007?
3, 47, 229, 6263
What are the prime factors of 43094351?
1373, 31387
List the prime factors of 3032348352.
2, 3, 11, 1019, 1409
What are the prime factors of 6446740596?
2, 3, 3359, 159937
List the prime factors of 689112481.
73, 461, 20477
What are the prime factors of 2008229700?
2, 3, 5, 19, 29, 12149
List the prime factors of 24827799.
3, 29, 285377
What are the prime factors of 379360343?
101, 983, 3821
List the prime factors of 30601760.
2, 5, 7, 89, 307
List the prime factors of 113723746.
2, 56861873
List the prime factors of 24785452.
2, 6196363
What are the prime factors of 221752261?
5737, 38653
List the prime factors of 287343161.
7, 373, 110051
List the prime factors of 1281664191.
3, 367, 1164091
List the prime factors of 79468622.
2, 39734311
What are the prime factors of 703958?
2, 523, 673
What are the prime factors of 4528785?
3, 5, 29, 359
What are the prime factors of 208440336?
2, 3, 13, 19, 17581
List the prime factors of 57876850.
2, 5, 19, 60923
What are the prime factors of 1466366833?
1877, 781229
List the prime factors of 1962548038.
2, 11, 19, 97, 499
List the prime factors of 1040386420.
2, 5, 19, 433, 6323
List the prime factors of 405165354.
2, 3, 11, 313, 1783
List the prime factors of 3802011.
3, 313, 4049
List the prime factors of 365147627.
13, 83, 338413
What are the prime factors of 483683485?
5, 919, 105263
What are the prime factors of 37278574?
2, 18639287
What are the prime factors of 93667600?
2, 5, 13, 18013
List the prime factors of 32436648.
2, 3, 19, 131, 181
What are the prime factors of 1279557101?
71, 1663, 10837
List the prime fa